uppose 3*c = -p + 40, s*c - 3*p - 12 - 24 = 0. What is the highest common factor of c and 84?
12
Let v(l) = -3*l + 1. Let h(m) = 28*m + 60. Let f(d) = -2*h(d) - 14*v(d). Let s be f(-29). What is the greatest common factor of 16 and s?
16
Let u be (-102)/4*(-16)/(-8). Let b = u + 53. Calculate the greatest common factor of b and 7.
1
Suppose 12*r - 9*r = o + 15592, 10398 = 2*r + o. What is the greatest common divisor of r and 92?
46
Let u = 10126 - 9739. Calculate the highest common divisor of 2451 and u.
129
Suppose 3*w + 7091 = 4*c, 5*c - 38*w = -33*w + 8870. What is the greatest common divisor of c and 116?
29
Let v(m) = -2*m - 6. Let i be v(-7). Let s = -15 + -117. Let w be (-352)/s*(-6)/(-8). Calculate the highest common factor of w and i.
2
Suppose -417 = 5*i - 2*i. Let k(g) = -87*g - 1050. Let q be k(-11). Let z = q - i. What is the highest common factor of 184 and z?
46
Suppose 0 = 5*b + 211 - 2146. Let m(r) = 0 + 2*r**3 + 0 - 13*r**2 - 45*r - 3*r**3 - 1 + 4. Let l be m(-8). What is the greatest common factor of b and l?
43
Let b be 2 + (-3 - -5) - -2. Let u = 6 + b. Suppose -4*w + 15 = 3. What is the highest common divisor of u and w?
3
Let h be 6 + (7 - (-9)/(5 - 4)). Calculate the greatest common factor of 4972 and h.
22
Let g(p) be the second derivative of -5*p**3/6 + 119*p**2/2 - 237*p. Let r be g(22). What is the greatest common factor of 486 and r?
9
Let d = 89 - 90. Let n be (100/(2 + -4))/(0 + d). What is the highest common factor of 50 and n?
50
Let b be (-14)/10 - 2/(-5). Let s be 0 + 3 + 1 + b. Let g be 1050525/(-13340)*8/(-30). What is the highest common divisor of s and g?
3
Let m = -4687 + 4723. What is the highest common factor of 324 and m?
36
Let n(h) be the third derivative of -h**6/120 + 3*h**5/20 - 3*h**4/4 + 4*h**3/3 - 3*h**2 + h. Let s be n(6). Calculate the greatest common divisor of s and 8.
8
Let c be 0*(7/2 + -3). Suppose c = 4*d - 6*d. Suppose d*g + 928 = 4*g. Calculate the greatest common factor of g and 29.
29
Suppose 20*q - 4217 = 6663. Calculate the greatest common factor of q and 32.
32
Suppose 3*q - 4073 - 1911 = -4*m, -3*q - 2974 = -2*m. Let w = -1013 + m. Suppose -3*i + w = -i. What is the greatest common divisor of i and 24?
24
Let i be 3 + 2 + 0 + 6 + 3. What is the highest common factor of 1358 and i?
14
Let b be (-27)/6*(112/4)/(-2). Suppose 0 = -6*v - 239 + 617. What is the greatest common divisor of b and v?
63
Suppose 3*i + 46 = -2. Let b be (-6 - i)/5*14/4. Suppose 0 = -2*p - 4, -b*p = -3*t - 9*p + 32. What is the greatest common divisor of t and 30?
6
Let j be 26390/(-105)*((-2)/2 - 5). What is the greatest common factor of 58 and j?
58
Let c be (-2050)/(-15)*4/((-16)/(-12)). Let a = c + -368. Calculate the greatest common factor of 1302 and a.
42
Let j(p) = -2*p**2 + 87*p - 378. Let c be j(30). What is the highest common factor of 32 and c?
16
Suppose 2*d - 298 = -5*p, -3*d - p + 438 = 2*p. Let r = 169 + 304. Let h = r + -455. Calculate the highest common factor of d and h.
18
Let k be 3976 + (-156 + -12)/(-21). Calculate the greatest common divisor of k and 240.
48
Suppose 5*a - 59 = -4*y, 2*y + 2*a + 0*a - 30 = 0. Suppose 3*k - y = k. Let h be 143/1573 - ((-30)/33 - 3). What is the greatest common factor of h and k?
4
Let g = 209 - 5. Let r = g + -193. What is the highest common divisor of 121 and r?
11
Suppose -5*c + 177 + 78 = 0. Let b(d) = -81*d - 11. Let j be b(4). Let x = j - -352. What is the greatest common divisor of x and c?
17
Suppose 11*w + 33 = -110. Let x(j) = 2*j**3 + 28*j**2 + 19*j + 43. Let s be x(w). What is the greatest common divisor of s and 335?
67
Suppose 92 + 34 = -3*p. Let k be -2 - -190 - p/6. What is the highest common divisor of 15 and k?
15
Suppose -42*a = 45 - 213. Let i = 510 - 346. What is the highest common factor of a and i?
4
Let v be ((-172)/(-6))/((-2)/15). Suppose 0*y = 4*w - 4*y + 160, -3*y + 208 = -5*w. Let r = w - v. Calculate the highest common divisor of r and 19.
19
Let t = 9065 + -8925. Calculate the highest common factor of 108 and t.
4
Let i = -42 - -57. Suppose 0*p + i = 3*p. Suppose a - 5*y = 73, a = 6*a - p*y - 305. Calculate the greatest common factor of 29 and a.
29
Let x(b) = -b**3 + 14*b**2 - 4*b + 1. Let v = 414 - 403. Let o be x(v). Calculate the greatest common divisor of 192 and o.
64
Let l be 2/(-7) - (2738360/119)/(-40). What is the highest common factor of l and 46?
23
Suppose 3 = -l + 187*b - 184*b, -2*b = -8. What is the greatest common divisor of l and 72?
9
Let y(f) = -219*f**3 + 3*f**2 - 2. Let c(t) = t**2 + t - 6. Let d be c(8). Let w = -67 + d. Let i be y(w). What is the highest common factor of 44 and i?
44
Suppose 18*k - 2034 = 1332. Calculate the highest common divisor of 119 and k.
17
Suppose -193 - 437 = -5*i. Let k = -44 + 43. Let v be (-216)/(-6) - k*6. What is the highest common factor of v and i?
42
Let c = 185 - 145. Suppose 0 = -c*f + 10*f + 150. What is the highest common divisor of f and 125?
5
Suppose -m + x = -67 - 109, -832 = -5*m - 3*x. What is the greatest common factor of m and 320?
10
Let f(v) = -397*v - 2366. Let t be f(-6). What is the greatest common divisor of 9712 and t?
16
Suppose -59*g - 269 = -1862. What is the greatest common divisor of 5625 and g?
9
Let v = -5778 + 8894. What is the highest common divisor of 164 and v?
164
Let i be (0 - -1)*(-204)/(-34). Let z be 11 + (-1 - -1) + -2. Let n be 30 + i/z*-6. Calculate the greatest common factor of 39 and n.
13
Let w = 0 - -19. Suppose -14*a + 233 = -33. What is the greatest common factor of w and a?
19
Let u(n) = n**2 + 12*n + 5. Let w be u(0). Suppose -15 = w*f, 28*f + 47 = 2*d + 29*f. What is the greatest common divisor of d and 25?
25
Suppose -7*u - 3*v = -20568, -469 - 11270 = -4*u + 3*v. Calculate the highest common factor of u and 33.
33
Suppose -z + 8 = -25*m + 28*m, -2*m = 3*z - 17. What is the greatest common factor of m and 308?
1
Let z be -6 + (-138)/(-230) + 17814/10. Calculate the greatest common factor of 48 and z.
48
Suppose -k + 2*k - 2*w = 130, -4*k + 500 = 2*w. Let b be 168/k + 311/3. What is the highest common divisor of b and 84?
21
Let c = 8999 - 8854. Calculate the greatest common divisor of c and 10585.
145
Let m(u) = 11*u**2 + 9. Let h be m(3). Suppose -789 = -4*f - 773. What is the greatest common divisor of f and h?
4
Let c be (7755/99)/((-1)/(3 + -78)). Calculate the greatest common factor of 5 and c.
5
Let f(k) = -2*k**2 - 139*k + 520. Let c be f(-67). Calculate the greatest common divisor of 360 and c.
45
Let m be (-2 - 2/(-5))*90/(-12). Let z = 241 - -71. What is the highest common factor of z and m?
12
Suppose 8*p - 4*p = -156. Let z = p - -36. Let q be z*(-3 - -2) - -19. What is the greatest common divisor of 33 and q?
11
Let v(a) = 99*a**2 - 1. Let k be v(1). Suppose -30 = -2*b - 2*t, 3*t = 2*b - t - 24. What is the highest common divisor of k and b?
14
Suppose 0*j = -3*p - 5*j + 105, 0 = -4*p - 5*j + 135. Suppose -2*y + 3*d + 129 = 0, 518 = 7*y - 5*d + 4*d. Calculate the greatest common factor of p and y.
15
Suppose 264 - 1145 = -219*k + 1090. Suppose 78 = -m + 5*a + 504, 5*a + 2190 = 5*m. What is the highest common divisor of k and m?
9
Suppose 24*w + 5*w - 1003 - 128 = 0. What is the highest common divisor of 12051 and w?
39
Let k = 6746 + -2214. What is the highest common factor of 44 and k?
44
Let v(c) = c**3 + 16*c**2 - c - 10. Let b be 9/(-15)*(11 - 6). Let d be ((-4)/b)/(5/(-60)*1). Let k be v(d). What is the highest common factor of k and 96?
6
Let b(h) be the first derivative of 4*h**2 - 13 + 12*h + 0*h**2 - 8*h. Let q be b(2). Calculate the highest common divisor of 8 and q.
4
Suppose -f = -1, 4*u = 4*f + 917 + 1063. Suppose m = 5*m - 2*t - 638, 3*m - u = -2*t. Suppose -m = -3*z - 3*z. Calculate the greatest common divisor of z and 3.
3
Suppose -o + 30 = -4*f, 4*o - 392 = 3*f - 168. Calculate the highest common factor of o and 6634.
62
Let y(g) = -29*g + 2176. Let h be y(72). What is the highest common divisor of h and 2200?
88
Let z be -6 + (-48)/(-40)*1765/3. Calculate the highest common divisor of z and 300.
100
Let q = 785 - 234. Suppose -3*c = -3*z - 105, -c = 18*z + 106 + 163. Calculate the greatest common divisor of c and q.
19
Let b(j) = 4928*j + 2772. Let f be b(2). What is the greatest com